re the prime factors of 249075253?
7, 587, 60617
List the prime factors of 590901374.
2, 7, 3307, 12763
List the prime factors of 4152909907.
137, 769, 39419
List the prime factors of 6051797835.
3, 5, 23, 31, 719, 787
What are the prime factors of 19342382?
2, 97, 179, 557
List the prime factors of 77054732.
2, 811, 23753
List the prime factors of 521140896.
2, 3, 1809517
What are the prime factors of 5035078029?
3, 277, 6059059
List the prime factors of 394571285.
5, 983, 80279
What are the prime factors of 35229967?
17, 139, 877
List the prime factors of 278263805.
5, 443, 125627
What are the prime factors of 1264826837?
59, 1987, 10789
What are the prime factors of 8197939?
239, 34301
List the prime factors of 210419253.
3, 11, 43, 49429
What are the prime factors of 114996753?
3, 1419713
List the prime factors of 79875314.
2, 39937657
List the prime factors of 190782921.
3, 7, 139, 9337
What are the prime factors of 879022772?
2, 219755693
What are the prime factors of 2906002054?
2, 5881, 247067
List the prime factors of 8530559.
383, 22273
List the prime factors of 3386181162.
2, 3, 7, 13, 885971
List the prime factors of 17667991.
11, 389, 4129
List the prime factors of 25789052.
2, 1609, 4007
What are the prime factors of 105466105?
5, 4201, 5021
What are the prime factors of 180172947?
3, 137, 438377
List the prime factors of 576696164.
2, 11, 359, 3319
List the prime factors of 60910470.
2, 3, 5, 73, 127
What are the prime factors of 343806204?
2, 3, 7, 4092931
List the prime factors of 64754709.
3, 29, 89, 8363
List the prime factors of 229136437.
53, 4323329
List the prime factors of 218423274.
2, 3, 739, 49261
What are the prime factors of 5871930308?
2, 97, 15133841
What are the prime factors of 337882121?
23, 463, 31729
List the prime factors of 2493765986.
2, 571, 2183683
List the prime factors of 4250224121.
11, 13, 577, 51511
List the prime factors of 1005216571.
31, 59, 17729
List the prime factors of 2581556353.
19, 233, 583139
List the prime factors of 2855896661.
107, 26690623
What are the prime factors of 7284455874?
2, 3, 67, 671131
List the prime factors of 199397895.
3, 5, 463, 28711
List the prime factors of 4893864771.
3, 6151, 265207
What are the prime factors of 70482689?
70482689
What are the prime factors of 726509734?
2, 363254867
List the prime factors of 6282069467.
3593, 1748419
What are the prime factors of 17961490?
2, 5, 97, 18517
List the prime factors of 106257441.
3, 859, 41233
What are the prime factors of 664622104?
2, 43, 283, 6827
What are the prime factors of 218235057?
3, 72745019
List the prime factors of 1895934112.
2, 17, 1637, 2129
What are the prime factors of 1572591801?
3, 11, 47654297
List the prime factors of 2841592503.
3, 947197501
List the prime factors of 2663055.
3, 5, 23, 31, 83
List the prime factors of 1846982649.
3, 83, 2243, 3307
List the prime factors of 1379784512.
2, 2309, 9337
List the prime factors of 72832180.
2, 5, 3641609
List the prime factors of 85550681.
17, 929, 5417
List the prime factors of 29832626.
2, 43, 346891
What are the prime factors of 976472357?
7, 457, 305243
List the prime factors of 63425132.
2, 31, 617, 829
What are the prime factors of 51600692?
2, 11, 13, 59, 139
What are the prime factors of 43908790?
2, 5, 17, 181, 1427
What are the prime factors of 4757720?
2, 5, 11, 983
List the prime factors of 975646877.
975646877
What are the prime factors of 483449914?
2, 181, 1335497
What are the prime factors of 16419295?
5, 727, 4517
List the prime factors of 126029354.
2, 11, 139, 41213
List the prime factors of 133590318.
2, 3, 17, 1309709
What are the prime factors of 203008215?
3, 5, 13533881
What are the prime factors of 256461584?
2, 16028849
What are the prime factors of 57874309?
57874309
What are the prime factors of 1562063747?
313, 1907, 2617
List the prime factors of 214159428.
2, 3, 7, 849839
List the prime factors of 7332164037.
3, 11, 79, 28409
What are the prime factors of 3785281903?
13, 1619, 179849
List the prime factors of 177008925.
3, 5, 37, 227, 281
List the prime factors of 21021925.
5, 47, 17891
What are the prime factors of 32909357?
13, 2531489
List the prime factors of 115749387.
3, 13, 19, 52069
What are the prime factors of 118231814?
2, 59115907
What are the prime factors of 232498364?
2, 7, 19, 101, 4327
What are the prime factors of 267161295?
3, 5, 233, 76441
List the prime factors of 53170374.
2, 3, 8861729
What are the prime factors of 65039785?
5, 3299, 3943
What are the prime factors of 4526085767?
7, 29, 22295989
What are the prime factors of 863935271?
677, 1276123
What are the prime factors of 197369183?
11, 43, 417271
What are the prime factors of 52268936?
2, 6533617
What are the prime factors of 27661665?
3, 5, 1844111
What are the prime factors of 120662486?
2, 7, 8618749
What are the prime factors of 8337838?
2, 1609, 2591
List the prime factors of 28909326.
2, 3, 4818221
List the prime factors of 884538073.
47, 18819959
List the prime factors of 4990964364.
2, 3, 127, 13477
List the prime factors of 7055233.
739, 9547
List the prime factors of 2696559588.
2, 3, 601, 124633
What are the prime factors of 97231494?
2, 3, 16205249
What are the prime factors of 241580788?
2, 29, 2082593
What are the prime factors of 537559936?
2, 271, 15497
What are the prime factors of 3209016511?
23, 947, 147331
What are the prime factors of 81806098?
2, 11, 3718459
What are the prime factors of 1285922501?
31, 97, 499, 857
List the prime factors of 60182464.
2, 940351
List the prime factors of 175375302.
2, 3, 29229217
List the prime factors of 3749730655.
5, 11, 19, 53, 79, 857
What are the prime factors of 2700540121?
101, 26738021
What are the prime factors of 10607688?
2, 3, 7, 13, 1619
List the prime factors of 8242424.
2, 107, 9629
List the prime factors of 491692358.
2, 43, 5717353
List the prime factors of 167174095.
5, 11, 3039529
List the prime factors of 476016409.
11, 149, 359, 809
What are the prime factors of 2043963386?
2, 1021981693
List the prime factors of 1036655937.
3, 17, 6775529
List the prime factors of 3994291079.
281, 1039, 13681
What are the prime factors of 3272517850?
2, 5, 7, 17, 67, 8209
What are the prime factors of 928747356?
2, 3, 77395613
What are the prime factors of 2397495606?
2, 3, 11, 163, 222857
What are the prime factors of 462200973?
3, 13, 19, 47981
What are the prime factors of 133809586?
2, 67, 643, 1553
List the prime factors of 3108023151.
3, 1036007717
What are the prime factors of 798929908?
2, 7, 1279, 3187
What are the prime factors of 6532875596?
2, 13, 3581, 35083
What are the prime factors of 126200851?
7, 2357, 7649
What are the prime factors of 2084664736?
2, 7, 11, 107, 7907
List the prime factors of 544017.
3, 17, 10667
What are the prime factors of 831410010?
2, 3, 5, 9237889
What are the prime factors of 56953980?
2, 3, 5, 23, 13757
What are the prime factors of 8622378388?
2, 13, 165814969
What are the prime factors of 794654369?
794654369
List the prime factors of 17190722.
2, 1693, 5077
What are the prime factors of 2358787438?
2, 7, 1489, 113153
List the prime factors of 28723580.
2, 5, 47, 30557
List the prime factors of 107668412.
2, 17, 1583359
List the prime factors of 106322239.
523, 203293
List the prime factors of 1038608137.
7, 148372591
What are the prime factors of 477328347?
3, 349, 151967
List the prime factors of 444933738.
2, 3, 24718541
List the prime factors of 37561373.
37561373
List the prime factors of 12683727.
3, 7, 201329
What are the prime factors of 1051289481?
3, 11, 31857257
What are the prime factors of 1722344023?
271, 6355513
What are the prime factors of 407386860?
2, 3, 5, 149, 45569
List the prime factors of 96162802.
2, 59, 814939
What are the prime factors of 382152002?
2, 191076001
List the prime factors of 4936857201.
3, 37, 269, 18371
List the prime factors of 56442003.
3, 18814001
What are the prime factors of 529685815?
5, 157, 674759
List the prime factors of 6649291.
11, 604481
What are the prime factors of 1215240891?
3, 109, 3716333
What are the prime factors of 120570683?
120570683
List the prime factors of 1453613426.
2, 41, 17726993
What are the prime factors of 1035060307?
1035060307
What are the prime factors of